 + 2*q + 1. Calculate u(g).
-36
Let g = 6 - 0. Let z(n) be the first derivative of n**5/20 - n**4/2 - n**3/6 + n**2/2 - 12*n - 14. Let k(s) be the first derivative of z(s). Determine k(g).
-5
Suppose 4*d - d = 2*f - 12, -3*d = f + 3. Suppose -5*p = 3*r + 22, -6*r - 3*p - 2 = -7*r. Let o be f/((-30)/r)*5. Let t(k) = -2*k**2 + 3*k. Give t(o).
-2
Let i(v) = -v + 1 + 2*v - 5. Let m(w) = w - 2. Let l be m(3). Suppose -k - 3 = 2*a + 2*k, -a - l = k. What is i(a)?
-4
Let p(i) be the second derivative of -i**3/2 + i**2 - i + 105. Calculate p(4).
-10
Let d = -25 - -28. Let v(o) = d*o - o**2 - 2*o + 4*o - 6 + 2*o**2. What is v(-5)?
-6
Let f(p) = 27*p - p**3 - 9*p - 12*p - 9*p - 4*p**2. What is f(-2)?
-2
Suppose 14 = -5*n - 21. Let f(t) = -9*t - 21. Let h = 52 - 57. Let c(y) = -5*y - 11. Let p(i) = h*c(i) + 3*f(i). Determine p(n).
6
Let w(q) = 2*q - 6. Let y be w(4). Let z(o) = o**2 + o. Let f be (-2)/2*-1*6. Let n(c) = -3*c**2 - 8*c + 2. Let b(d) = f*z(d) + n(d). Give b(y).
10
Let h = -3 - -5. Let m(b) = h - 1 - 2 - b. Let q(n) = n**3 + 6*n**2 - 12*n + 6. Let c be q(1). Calculate m(c).
-2
Let b(d) be the third derivative of d**6/120 + d**5/60 - d**4/24 - 121*d**2. Calculate b(-2).
-2
Let g(u) be the second derivative of 0 + 1/3*u**3 + 11*u + 3/2*u**2 - 1/20*u**5 - 1/4*u**4. What is g(-3)?
-3
Let j be -16*4/(-48)*9. Let m(r) = 2*r - 9. Calculate m(j).
15
Let y(o) be the first derivative of o**3/3 + 5*o**2/2 - 7*o + 57. Give y(-6).
-1
Suppose 0 = 8*n - 4*n - 20. Suppose 2*s + 2 = -2, -n*z - 4*s + 7 = 0. Let f(i) = -8 - 3*i + z*i - i. Calculate f(-6).
-2
Suppose 74 = -71*g + 3. Let n(k) = -49*k**2 - 2*k - 1. Give n(g).
-48
Let l(v) = -30*v - 850*v**2 + 38*v + 849*v**2 - 5. What is l(7)?
2
Let a(t) = t - 6. Suppose 146 + 19 = -5*p. Let o = p - -37. Calculate a(o).
-2
Let s(i) = -i**2 + 366*i + 470*i - 1 - 839*i. Suppose 2*v = 4*w - 0*w, w = -2*v - 10. Calculate s(w).
1
Let x(s) = s**2 - 4*s + 5. Let m = -13 - -18. Suppose -m*a + 5 = -5*u, a = -u + 3*a - 4. Suppose -4*k = 16, -4 = 3*j + 2*k + u*k. Determine x(j).
5
Let u be (-4 + 5)*6/3. Let f be (u/4)/(1/(-10)). Let d(g) = 4*g + 7. Determine d(f).
-13
Let f be (-2)/(-2)*16*115/2. Let t(r) = -920*r**2 + r - 12*r**3 + f*r**2 + 1. What is t(-1)?
12
Let r(n) = 2*n + 5. Let l(v) = -7 - 4*v - 11 + 7. Let u(z) = 6*l(z) + 13*r(z). Let g(m) = m - 9. Let j be g(7). Give u(j).
-5
Let l(t) = -t**3 - 14*t**2 - 13*t + 2. Let a be l(-13). Suppose 12 = 5*g + g. Let h(b) = 15*b - b - 8*b - 5 - g*b**2 + 3*b**a. What is h(-6)?
-5
Let b be 41/82*(1 + -17). Let q(j) = -5*j**2 + 7*j**2 - 6*j + 4 + 5 - 3*j**2. Calculate q(b).
-7
Let f(c) = -1 + 4*c + 2 + 2 + 2*c**2. Suppose -3*b - 20*b + 667 = 0. Suppose 11 = 9*z + b. Calculate f(z).
3
Let g(s) = 6*s**2 + 15*s - 6. Let y(i) = -11*i**2 - 26*i + 12. Let c(o) = -7*g(o) - 4*y(o). Determine c(-3).
15
Let r be (-2)/6 + (-25)/(-3). Let d(j) = 7 + 3 + 48*j - 49*j - 2*j**3 + j**3 + 8*j**2. Determine d(r).
2
Let g(x) = -x**3 + 4*x**2 + 4*x - 4. Let u be g(5). Let a be (-14 - u)/((-10)/2). Let c(d) be the second derivative of -7*d**5/10 + d**2/2 - 2*d. Give c(a).
-13
Let l(q) = q**2 - 15*q + 39. Let i be l(11). Let o(v) = 2*v**2 - v + 15. Let t(m) = m**2 - m + 8. Let d(y) = -4*o(y) + 7*t(y). Give d(i).
-14
Let w(q) = -28*q + 1. Let y = -222 - -223. What is w(y)?
-27
Let j = 43 - 35. Let t(v) = -v - 50*v**2 + 51*v**2 + j + 8*v. Calculate t(-6).
2
Let d = 0 + -1. Let g(q) be the second derivative of q**5/6 + q**4/12 + q**3/6 - 2*q**2 - 9*q. Let p(v) be the first derivative of g(v). Determine p(d).
9
Let q(o) = 8*o + 19. Suppose 0 = -5*k - g + 6, g + 0*g + 10 = 3*k. Let t(r) = -3*r - 6. Let s(b) = k*q(b) + 7*t(b). Let u = 220 + -223. Determine s(u).
11
Let u be 22 + ((-1)/(-1))/(-1). Suppose 2*b + u - 9 = 0. Let v(w) = w + 6. Give v(b).
0
Let h = -12 + 17. Let l(y) = 5 + y - h + 3 - 1. Let j be l(-1). Let g(q) = -4*q**2 + q. Give g(j).
-3
Let g(a) = a + 11. Let i be 7/(7/2) + 12 - -1. Suppose -5*k = -8*k - i. Give g(k).
6
Let i(w) = 3*w**2 + 2*w - 3. Let r = 43 - 26. Let x = -15 + r. Suppose -x + 8 = 3*d. Determine i(d).
13
Let b(m) be the third derivative of m**5/60 - m**4/4 - m**3/3 - m**2. Suppose -24*u = -5*u - 114. Give b(u).
-2
Let g(s) = 2*s**2 - 42*s + 26. Let b be g(20). Let a(k) = -k**2 - 13*k + 20. What is a(b)?
6
Let m(f) be the third derivative of -5*f**4/24 + 41*f**3/3 + 5*f**2. Let r be m(16). Let x(b) = 2 - 2*b + b + 2*b**3 - 2*b**2 - 4. Determine x(r).
4
Let x = 1624 + -1622. Let w(r) = -5*r**2 + 3*r. Let s(m) = -9*m**2 + 6*m - 1. Let z(g) = -3*s(g) + 5*w(g). Give z(x).
5
Let s = 1412 - 1408. Let h(y) = -3*y + 16. Determine h(s).
4
Let g(a) = -a**3 - 14*a**2 + 6. Let c = 17 + -31. Determine g(c).
6
Let f be (-30)/4*((-28)/21)/(-2). Let h(j) = j**2 + 10*j + 1. Determine h(f).
-24
Let q(d) = 7*d + 15. Let m(f) = 5*f + 10. Let h(o) = -8*m(o) + 5*q(o). Let k be 6/4 - (-44)/8 - 0. Let w(c) = 3*c + 3. Let n(l) = k*w(l) + 4*h(l). Give n(-2).
-1
Let t(c) = 2*c**3 + 15*c**2 + 15*c - 1. Let d(g) = -34*g + 8*g**2 + 4*g**3 - g**3 - 2*g**3 - 1 + 42*g. Let u(i) = 5*d(i) - 3*t(i). Determine u(-4).
2
Let o(r) = -18 - 67*r - 24*r + 93*r. Give o(6).
-6
Let t = 695 - 692. Let g(b) be the second derivative of 1/12*b**4 + 0 + 0*b**2 - 2/3*b**3 - t*b. What is g(4)?
0
Let b(o) = -5*o + 40 - 105 + 50. Determine b(-6).
15
Let z(u) = -u**3 + 8*u**2 - 8*u - 3. Let s(a) = a**3 + 6*a**2 - 7*a - 8. Let o be s(-7). Let i = -2 - o. Calculate z(i).
21
Let a(l) = -2*l**3 + l**2 + 3 - l**3 + 0 - 2*l**3 - 4. Give a(1).
-5
Let c(f) = -f**2 + 2*f + 3. Suppose -6*g - 60 = -g. Let t be (1/(-2))/(2/g). Let o = 6 - t. Calculate c(o).
0
Let v = 1194 + -1206. Let h(d) = d**2 + 12*d. Calculate h(v).
0
Let w(z) = 12*z + 1 - 22*z + 6*z + 3*z. Determine w(4).
-3
Let z(c) = -c**2 + 4*c - 1. Let p(r) = -2*r**3 + 11*r**2 + 9*r - 13. Let u be p(6). Calculate z(u).
-6
Let n(b) = b**3 - 10*b**2 + b - 5. Let w be 6/10 - 94/(-10). Let j be n(w). Let u(i) = -4*i - 3 + 3 - j. Give u(-4).
11
Let l(d) = d**2 - d - 1. Let j(y) = -4*y**2 + 12*y + 10. Let u = 36 - 37. Let n(i) = u*j(i) - 5*l(i). Determine n(-6).
1
Let v(y) = 2*y**3 - 17*y - 3*y**2 + 42*y - 21*y - 3*y**3 + 3. Determine v(-4).
3
Let l(i) be the third derivative of i**5/40 - i**4/8 + 4*i**3 + 13*i**2. Let o(h) be the first derivative of l(h). Suppose -5*z = -3 - 12. Give o(z).
6
Let x(y) = -3*y - 42. Let g(i) = -2*i - 18. Let w(t) = -5*g(t) + 2*x(t). What is w(8)?
38
Let r(w) = w**2 + 13*w + 28. Suppose g + 11 = 3*k + 37, 0 = -5*g + 10. Give r(k).
-12
Suppose 0 = -z - 1, -3*h + 102 = 4*z + 97. Let a(b) = 11*b - 37. Give a(h).
-4
Let z(b) = -3*b - 198 - 194 + 4*b + 383. Let k = 0 + 0. Determine z(k).
-9
Suppose -4*i - 5*c = 17, 2*c = -2*i - 28 + 20. Let m(p) = 2*p + 4. Give m(i).
-2
Suppose 5 - 4 = -i - o, 0 = i + 3*o + 9. Let q(l) = 3 - 2076*l - 2073*l + 6226*l - 2072*l - 2. What is q(i)?
16
Let z(v) = v**3 + 5*v**2 - 2*v + 2. Let f = -17 - -12. Let d be z(f). Let a = d + -7. Let q(j) = -2*j + 4. What is q(a)?
-6
Let b(t) = -4*t**3 + 6*t**2 - 19*t + 6. Let f(i) = -2*i**3 + 3*i**2 - 9*i + 3. Let h = 35 + -41. Let q(c) = h*b(c) + 13*f(c). Determine q(2).
-7
Suppose 5*d - j - 17 = 0, 4*d + 2*j - 8 = -0. Let q(x) = -x**2 - 2*x**3 + 2*x**3 + 3*x**d - 8*x**3 + 1. Let o be 3 + (-2 - 0/3). Determine q(o).
-5
Let w be 912/2016 + 4/(-14). Let l(i) be the second derivative of -w*i**3 + 0 + 4*i + 1/12*i**4 - 2*i**2. Give l(-3).
8
Let f(g) = 6*g - 17. Let o be f(8). Let q(z) = 11 + 11 - z**2 - z + 6 - o. Determine q(0).
-3
Let a(g) be the third derivative of g**5/60 + g**4/12 + g**3/3 - 11*g**2. Let j(u) = -u**2 - u - 3. Let l be j(3). Let c = -17 - l. Determine a(c).
2
Let i be (22/(-231)*-7)/(2/9). Let j(p) be the first derivative of 1/4*p**4 - 5/3*p**3 - i*p + 5/2*p**2 + 7. Determine j(3).
-6
Let c be 4 + -5 + (1 - 1). Let x(w) = 21*w + 14*w + 1 - 40*w. Calculate x(c).
6
Let z(t) be the first derivative of 1/4*t**4 + 2*t**3 + 14 + 5/2*t**2 + t. What is z(-5)?
1
Let d(k) = -k**3 - 4*k**2 + 7*k + 2. Let z(c) = -6*c + 235. Let x be z(40). Determine d(x).
-8
Let c(j) = j**2 + j + 5. Let m(g) = g**2 + 2*g - 8. Let h be m(-4). Suppose -u = -0 - h. Give c(u).
5
Let n(k) = -k**2 + 2*k - 2. Suppose 0*f - 2 = f. Let y(c) = -3*c**3 - c**2 - c + 2. Let z be y(f). Suppose 0*t - 5*t = -5*w, 3*